{"id":2722,"date":"2022-11-04T18:08:21","date_gmt":"2022-11-04T17:08:21","guid":{"rendered":"https:\/\/just4creativity.pl\/www\/?page_id=2722"},"modified":"2023-11-15T19:13:37","modified_gmt":"2023-11-15T18:13:37","slug":"aktualnosci_n","status":"publish","type":"page","link":"https:\/\/just4creativity.pl\/www\/aktualnosci_n\/","title":{"rendered":"Aktualno\u015bci_n"},"content":{"rendered":"<p>[vc_row full_width=&#8221;stretch_row&#8221; equal_height=&#8221;yes&#8221; shape=&#8221;Shape2&#8243; css=&#8221;.vc_custom_1555403002202{margin-top: 0px !important;padding-top: 0px !important;padding-bottom: 0px !important;background-color: #f8f8f8 !important;background-position: center !important;background-repeat: no-repeat !important;background-size: cover !important;}&#8221; el_id=&#8221;rs-about&#8221; el_class=&#8221;rs-video-slider ipad-pt0 ipad-pb0&#8243;][vc_column width=&#8221;1\/2&#8243; css=&#8221;.vc_custom_1700072007087{margin-top: 0px !important;margin-bottom: 0px !important;padding-top: 250px !important;padding-bottom: 250px !important;background-image: url(https:\/\/just4creativity.pl\/www\/wp-content\/uploads\/2022\/10\/just4creativity_cv_03c.png?id=2292) !important;background-position: center !important;background-repeat: no-repeat !important;background-size: cover !important;}&#8221; el_class=&#8221;smc-pb100 smc-pt100&#8243;][\/vc_column][vc_column width=&#8221;1\/2&#8243; css=&#8221;.vc_custom_1555399961948{padding-top: 100px !important;padding-right: 50px !important;padding-bottom: 100px !important;padding-left: 80px !important;}&#8221; el_class=&#8221;banner-full&#8221;]<div  class=\"rs-banner  not-full-screen  vc_custom_1667582014229\" >\r\n        \t\t\t\r\n\t\t\t\t    <div class=\"container\">\r\n\t\t\t\t        <div class=\"banner-content\">\r\n\t\t\t\t            <div style=\"color:#46743b;font-size:30px;font-weight:700;line-height:40px;\" class=\"title-pretext\" >Just4Creativity<\/div>\r\n\t\t\t                <h2 style=\"color:#46743b;font-size:70px;font-weight:700!important;line-height:80px;\" class=\"banner_title\">Monika Just<\/h2><div class=\"work-position\">\r\n\t\t\t\t                    <h3>\r\n\t\t\t\t                        <span style=\"color:#000000;font-size:25px;font-weight:700;line-height:50px;\">Aktualno\u015bci<\/span> \r\n\t\t\t\t                    <\/h3>\r\n\t\t\t\t                    \r\n\t\t\t\t                    <div style=\"color:#000000;font-size:45px;font-weight:700;line-height:50px;\" class=\"cd-headline clip\">\r\n\t\t\t\t\t\t\t\t\t\t<div class=\"cd-words-wrapper\">\r\n\t\t\t\t\t\t\t\t\t\t\t<p><\/p>\r\n\t\t\t\t\t\t\t\t\t\t<\/div>\r\n\t\t\t\t\t\t\t\t\t<\/div>\r\n\t\t\t\t                <\/div><\/div>\r\n\t\t\t\t    <\/div><\/div>[vc_single_image image=&#8221;1833&#8243; alignment=&#8221;right&#8221;][vc_column_text css=&#8221;.vc_custom_1667582280154{margin-top: 10px !important;margin-bottom: 20px !important;}&#8221;]To historia mojej dzia\u0142alno\u015bci.<\/p>\n<p>Zapraszam do zapoznania si\u0119 z bie\u017c\u0105cymi informacjami o tym o robi\u0119, gdzie si\u0119 udzielam i z kim wsp\u00f3\u0142pracuj\u0119.<\/p>\n<p>Zapraszam![\/vc_column_text][\/vc_column][\/vc_row][vc_row equal_height=&#8221;yes&#8221; shape=&#8221;Shape2&#8243; css=&#8221;.vc_custom_1665165134136{margin-top: 0px !important;padding-top: 60px !important;padding-right: 50px !important;padding-bottom: 40px !important;padding-left: 50px !important;background-position: center !important;background-repeat: no-repeat !important;background-size: cover !important;}&#8221; el_class=&#8221;sm-plr15&#8243;][vc_column]\r\n        <div class=\"rs-heading    \">\r\n        \t<div class=\"title-inner\">\r\n\t            \r\n\t            <h2 style=\"color:#46743b;font-weight:700!important;\"><span class=\"watermark\">aktualno\u015bci<\/span>Aktualno\u015bci<\/h2>\r\n\t        <\/div><\/div>[\/vc_column][\/vc_row][vc_row][vc_column][vc_masonry_grid post_type=&#8221;post&#8221; max_items=&#8221;20&#8243; show_filter=&#8221;yes&#8221; gap=&#8221;35&#8243; grid_id=&#8221;vc_gid:1700071946799-46e63ca2-0516-0&#8243; filter_source=&#8221;category&#8221; exclude_filter=&#8221;23&#8243; css=&#8221;.vc_custom_1667581958379{margin-right: 20px !important;margin-left: 20px !important;}&#8221;][\/vc_column][\/vc_row]<\/p>\n","protected":false},"excerpt":{"rendered":"<p>[vc_row full_width=&#8221;stretch_row&#8221; equal_height=&#8221;yes&#8221; shape=&#8221;Shape2&#8243; css=&#8221;.vc_custom_1555403002202{margin-top: 0px !important;padding-top: 0px !important;padding-bottom: 0px !important;background-color: #f8f8f8 !important;background-position: center !important;background-repeat: no-repeat !important;background-size: cover !important;}&#8221; el_id=&#8221;rs-about&#8221; [&hellip;]<\/p>\n","protected":false},"author":1,"featured_media":0,"parent":0,"menu_order":0,"comment_status":"closed","ping_status":"closed","template":"page-single.php","meta":{"om_disable_all_campaigns":false,"_monsterinsights_skip_tracking":false,"_monsterinsights_sitenote_active":false,"_monsterinsights_sitenote_note":"","_monsterinsights_sitenote_category":0,"footnotes":""},"class_list":["post-2722","page","type-page","status-publish","hentry"],"aioseo_notices":[],"_links":{"self":[{"href":"https:\/\/just4creativity.pl\/www\/wp-json\/wp\/v2\/pages\/2722","targetHints":{"allow":["GET"]}}],"collection":[{"href":"https:\/\/just4creativity.pl\/www\/wp-json\/wp\/v2\/pages"}],"about":[{"href":"https:\/\/just4creativity.pl\/www\/wp-json\/wp\/v2\/types\/page"}],"author":[{"embeddable":true,"href":"https:\/\/just4creativity.pl\/www\/wp-json\/wp\/v2\/users\/1"}],"replies":[{"embeddable":true,"href":"https:\/\/just4creativity.pl\/www\/wp-json\/wp\/v2\/comments?post=2722"}],"version-history":[{"count":11,"href":"https:\/\/just4creativity.pl\/www\/wp-json\/wp\/v2\/pages\/2722\/revisions"}],"predecessor-version":[{"id":2758,"href":"https:\/\/just4creativity.pl\/www\/wp-json\/wp\/v2\/pages\/2722\/revisions\/2758"}],"wp:attachment":[{"href":"https:\/\/just4creativity.pl\/www\/wp-json\/wp\/v2\/media?parent=2722"}],"curies":[{"name":"wp","href":"https:\/\/api.w.org\/{rel}","templated":true}]}}